digit of 248065350?
4
What is the units digit of 135245665?
5
What is the units digit of 84638700?
0
What is the hundred thousands digit of 120257607?
2
What is the tens digit of 50368596?
9
What is the units digit of 148582318?
8
What is the hundreds digit of 659001699?
6
What is the millions digit of 46683848?
6
What is the millions digit of 16550613?
6
What is the ten thousands digit of 911821157?
2
What is the ten millions digit of 62544002?
6
What is the hundreds digit of 32961186?
1
What is the tens digit of 6383527167?
6
What is the millions digit of 287013776?
7
What is the units digit of 386796010?
0
What is the ten thousands digit of 737408862?
0
What is the ten thousands digit of 35474480?
7
What is the tens digit of 210052581?
8
What is the hundred thousands digit of 30916898?
9
What is the tens digit of 460352352?
5
What is the hundred thousands digit of 4085892891?
8
What is the thousands digit of 732085627?
5
What is the millions digit of 8019034273?
9
What is the tens digit of 1770076671?
7
What is the hundreds digit of 20129695?
6
What is the ten millions digit of 4822021066?
2
What is the thousands digit of 6880092269?
2
What is the thousands digit of 95437192?
7
What is the hundreds digit of 92828904?
9
What is the tens digit of 48381237?
3
What is the tens digit of 940731915?
1
What is the millions digit of 224875615?
4
What is the thousands digit of 121164832?
4
What is the thousands digit of 283311543?
1
What is the ten thousands digit of 6688177836?
7
What is the hundred millions digit of 880790583?
8
What is the thousands digit of 125654391?
4
What is the hundreds digit of 6966545?
5
What is the hundred thousands digit of 19000346?
0
What is the units digit of 7431087?
7
What is the units digit of 139040622?
2
What is the ten millions digit of 77170051?
7
What is the ten thousands digit of 8137393285?
9
What is the ten thousands digit of 254738625?
3
What is the hundreds digit of 1176346048?
0
What is the millions digit of 76316199?
6
What is the hundreds digit of 108960459?
4
What is the thousands digit of 4223914538?
4
What is the units digit of 196865603?
3
What is the ten millions digit of 143844571?
4
What is the ten millions digit of 65157397?
6
What is the thousands digit of 29553296?
3
What is the ten thousands digit of 228651846?
5
What is the tens digit of 231542802?
0
What is the hundreds digit of 987469623?
6
What is the units digit of 3988471776?
6
What is the hundreds digit of 3853606654?
6
What is the millions digit of 1503455319?
3
What is the units digit of 123240428?
8
What is the ten thousands digit of 49500474?
0
What is the millions digit of 47829316?
7
What is the hundreds digit of 1175424556?
5
What is the units digit of 1719269660?
0
What is the ten thousands digit of 32890753?
9
What is the units digit of 522153369?
9
What is the units digit of 1284098946?
6
What is the units digit of 37761968?
8
What is the hundred thousands digit of 26356356?
3
What is the ten thousands digit of 295214678?
1
What is the tens digit of 74884992?
9
What is the ten millions digit of 548148817?
4
What is the hundreds digit of 471764266?
2
What is the thousands digit of 149919508?
9
What is the units digit of 179021985?
5
What is the millions digit of 749190789?
9
What is the units digit of 2334689493?
3
What is the thousands digit of 73800576?
0
What is the units digit of 814256354?
4
What is the ten thousands digit of 2828181410?
8
What is the ten thousands digit of 6923622505?
2
What is the ten thousands digit of 24394638?
9
What is the thousands digit of 700924575?
4
What is the tens digit of 211372942?
4
What is the hundred thousands digit of 730955867?
9
What is the tens digit of 5043072436?
3
What is the hundred thousands digit of 3388895404?
8
What is the thousands digit of 104941916?
1
What is the billions digit of 2788600915?
2
What is the hundred thousands digit of 90428832?
4
What is the ten thousands digit of 65037558?
3
What is the hundred millions digit of 270978850?
2
What is the ten thousands digit of 20726324?
2
What is the hundreds digit of 81197941?
9
What is the thousands digit of 254980987?
0
What is the hundred millions digit of 2850220540?
8
What is the thousands digit of 603261620?
1
What is the units digit of 311197300?
0
What is the hundreds digit of 98312020?
0
What is the thousands digit of 53583739?
3
What is the millions digit of 164735788?
4
What is the units digit of 1966647204?
4
What is the millions digit of 1164632689?
4
What is the hundred millions digit of 674460385?
6
What is the units digit of 1298476134?
4
What is the thousands digit of 72061579?
1
What is the hundreds digit of 2577052745?
7
What is the hundred thousands digit of 89953264?
9
What is the ten millions digit of 43872151?
4
What is the units digit of 1038265537?
7
What is the tens digit of 3073299990?
9
What is the hundreds digit of 23960594?
5
What is the units digit of 798856860?
0
What is the units digit of 11665363?
3
What is the ten millions digit of 7319696566?
1
What is the thousands digit of 262919514?
9
What is the ten thousands digit of 30964951?
6
What is the hundreds digit of 10048987?
9
What is the millions digit of 3141798348?
1
What is the millions digit of 1783047946?
3
What is the units digit of 61209710?
0
What is the units digit of 68633864?
4
What is the ten thousands digit of 57968390?
6
What is the ten thousands digit of 1437369425?
6
What is the ten millions digit of 168416076?
6
What is the ten thousands digit of 762448694?
4
What is the hundreds digit of 940939961?
9
What is the tens digit of 865893492?
9
What is the millions digit of 71094631?
1
What is the ten millions digit of 29029309?
2
What is the millions digit of 58983317?
8
What is the thousands digit of 870518146?
8
What is the ten thousands digit of 112261103?
6
What is the hundred millions digit of 686739878?
6
What is the ten thousands digit of 132187506?
8
What is the hundreds digit of 704293148?
1
What is the millions digit of 110522255?
0
What is the ten millions digit of 79308143?
7
What is the millions digit of 76227883?
6
What is the ten thousands digit of 93533976?
3
What is the hundred thousands digit of 151555429?
5
What is the tens digit of 25283732?
3
What is the units digit of 967192762?
2
What is the ten millions digit of 114242207?
1
What is the tens digit of 319852422?
2
What is the hundred millions digit of 1665579593?
6
What is the units digit of 61576870?
0
What is the hundred millions digit of 287487597?
2
What is the hundreds digit of 17348685?
6
What is the billions digit of 2235719820?
2
What is the hundred millions digit of 2294307631?
2
What is the hundred thousands digit of 165403920?
4
What is the thousands digit of 612538763?
8
What is the hundred thousands digit of 257016297?
0
What is the millions digit of 1369307752?
9
What is the units digit of 39542174?
4
What is the ten thousands digit of 90707443?
0
What is the ten thousands digit of 19997820?
9
What is the thousands digit of 2794083958?
3
What is the millions digit of 893072712?
3
What is the thousands digit of 76503815?
3
What is the hundred thousands digit of 60451789?
4
What is the hundred thousands digit of 137704954?
7
What is the ten millions digit of 879075644?
7
What is the hundreds digit of 507970035?
0
What is the ten thousands digit of 692748303?
4
What is the thousands digit of 24676960?
6
What is the units digit of 1938044978?
8
What is the thousands digit of 100040773?
0
What is the thousands digit of 361053995?
3
What is the tens digit of 180257652?
5
What is the hundred millions digit of 125620805?
1
What is the hundred millions digit of 3316796875?
3
What is the thousands digit of 2428891286?
1
What is the tens digit of 4339423256?
5
What is the thousands digit of 2899251654?
1
What is the thousands digit of 1625817207?
7
What is the ten millions digit of 119358686?
1
What is the ten millions digit of 125884952?
2
What is the tens digit of 98645433?
3
What is the units digit of 1240942516?
6
What is the tens digit of 39568465?
6
What is the hundred thousands digit of 317403962?
4
What is the ten thousands digit of 873354477?
5
What is the ten millions digit of 71765150?
7
What is the ten thousands digit of 318349187?
4
